{"id":20,"date":"2025-11-19T12:58:29","date_gmt":"2025-11-19T12:58:29","guid":{"rendered":"https:\/\/vertaler.nu\/?page_id=20"},"modified":"2026-04-16T07:47:51","modified_gmt":"2026-04-16T07:47:51","slug":"startsida","status":"publish","type":"page","link":"https:\/\/vertaler.nu\/","title":{"rendered":"Startsida"},"content":{"rendered":"\t\t<div data-elementor-type=\"wp-page\" data-elementor-id=\"20\" class=\"elementor elementor-20\">\n\t\t\t\t<div class=\"elementor-element elementor-element-6ae4f10 e-flex e-con-boxed e-con e-parent\" data-id=\"6ae4f10\" data-element_type=\"container\" data-settings=\"{&quot;background_background&quot;:&quot;classic&quot;}\">\n\t\t\t\t\t<div class=\"e-con-inner\">\n\t\t<div class=\"elementor-element elementor-element-10685b7 e-con-full e-flex e-con e-child\" data-id=\"10685b7\" data-element_type=\"container\">\n\t\t\t\t<div class=\"elementor-element elementor-element-7ce8a04 elementor-widget elementor-widget-heading\" data-id=\"7ce8a04\" data-element_type=\"widget\" data-widget_type=\"heading.default\">\n\t\t\t\t\t<h1 class=\"elementor-heading-title elementor-size-default\">F\u00f6retagande &amp; digital n\u00e4rvaro<\/h1>\t\t\t\t<\/div>\n\t\t\t\t<div class=\"elementor-element elementor-element-ba730b1 elementor-widget elementor-widget-heading\" data-id=\"ba730b1\" data-element_type=\"widget\" data-widget_type=\"heading.default\">\n\t\t\t\t\t<h2 class=\"elementor-heading-title elementor-size-default\">Allt du beh\u00f6ver f\u00f6r att lyckas med ditt f\u00f6retag online\n<\/h2>\t\t\t\t<\/div>\n\t\t\t\t<\/div>\n\t\t\t\t\t<\/div>\n\t\t\t\t<\/div>\n\t\t<div class=\"elementor-element elementor-element-df63510 e-flex e-con-boxed e-con e-parent\" data-id=\"df63510\" data-element_type=\"container\">\n\t\t\t\t\t<div class=\"e-con-inner\">\n\t\t<div class=\"elementor-element elementor-element-f4998b3 e-con-full e-flex e-con e-child\" data-id=\"f4998b3\" data-element_type=\"container\" data-settings=\"{&quot;background_background&quot;:&quot;classic&quot;}\">\n\t\t\t\t<div class=\"elementor-element elementor-element-57d488c elementor-widget elementor-widget-heading\" data-id=\"57d488c\" data-element_type=\"widget\" data-widget_type=\"heading.default\">\n\t\t\t\t\t<h2 class=\"elementor-heading-title elementor-size-default\">Varf\u00f6r internet avg\u00f6r ditt f\u00f6retags framg\u00e5ng<\/h2>\t\t\t\t<\/div>\n\t\t\t\t<div class=\"elementor-element elementor-element-6b1ef01 elementor-widget elementor-widget-text-editor\" data-id=\"6b1ef01\" data-element_type=\"widget\" data-widget_type=\"text-editor.default\">\n\t\t\t\t\t\t\t\t\t<p>En professionell webbplats och en aktiv digital strategi \u00e4r i dag lika viktigt som en bra produkt. H\u00e4r hittar du allt du beh\u00f6ver veta f\u00f6r att synas, v\u00e4xa och n\u00e5 dina kunder online.<\/p>\t\t\t\t\t\t\t\t<\/div>\n\t\t\t\t<div class=\"elementor-element elementor-element-24c4165 elementor-widget elementor-widget-button\" data-id=\"24c4165\" data-element_type=\"widget\" data-widget_type=\"button.default\">\n\t\t\t\t\t\t\t\t\t\t<a class=\"elementor-button elementor-button-link elementor-size-sm\" href=\"\/?page_id=103\">\n\t\t\t\t\t\t<span class=\"elementor-button-content-wrapper\">\n\t\t\t\t\t\t\t\t\t<span class=\"elementor-button-text\">Inspiration<\/span>\n\t\t\t\t\t<\/span>\n\t\t\t\t\t<\/a>\n\t\t\t\t\t\t\t\t<\/div>\n\t\t\t\t<\/div>\n\t\t<div class=\"elementor-element elementor-element-9931a96 e-con-full e-flex e-con e-child\" data-id=\"9931a96\" data-element_type=\"container\">\n\t\t\t\t<div class=\"elementor-element elementor-element-3d162d3 elementor-widget elementor-widget-image\" data-id=\"3d162d3\" data-element_type=\"widget\" data-widget_type=\"image.default\">\n\t\t\t\t\t\t\t\t\t\t\t\t\t\t\t<img fetchpriority=\"high\" decoding=\"async\" width=\"1024\" height=\"683\" src=\"https:\/\/vertaler.nu\/wp-content\/uploads\/2026\/04\/thisisengineering-TXxiFuQLBKQ-unsplash-1024x683.jpg\" class=\"attachment-large size-large wp-image-306\" alt=\"\" srcset=\"https:\/\/vertaler.nu\/wp-content\/uploads\/2026\/04\/thisisengineering-TXxiFuQLBKQ-unsplash-1024x683.jpg 1024w, https:\/\/vertaler.nu\/wp-content\/uploads\/2026\/04\/thisisengineering-TXxiFuQLBKQ-unsplash-300x200.jpg 300w, https:\/\/vertaler.nu\/wp-content\/uploads\/2026\/04\/thisisengineering-TXxiFuQLBKQ-unsplash-768x512.jpg 768w, https:\/\/vertaler.nu\/wp-content\/uploads\/2026\/04\/thisisengineering-TXxiFuQLBKQ-unsplash-1536x1025.jpg 1536w, https:\/\/vertaler.nu\/wp-content\/uploads\/2026\/04\/thisisengineering-TXxiFuQLBKQ-unsplash-2048x1366.jpg 2048w\" sizes=\"(max-width: 1024px) 100vw, 1024px\" \/>\t\t\t\t\t\t\t\t\t\t\t\t\t\t\t<\/div>\n\t\t\t\t<\/div>\n\t\t<div class=\"elementor-element elementor-element-c3c98b5 e-con-full e-flex e-con e-child\" data-id=\"c3c98b5\" data-element_type=\"container\">\n\t\t\t\t<div class=\"elementor-element elementor-element-32ffe02 elementor-widget elementor-widget-image\" data-id=\"32ffe02\" data-element_type=\"widget\" data-widget_type=\"image.default\">\n\t\t\t\t\t\t\t\t\t\t\t\t\t\t\t<img decoding=\"async\" width=\"1024\" height=\"682\" src=\"https:\/\/vertaler.nu\/wp-content\/uploads\/2026\/04\/diggity-marketing-s8HyIEe7lF0-unsplash-1024x682.jpg\" class=\"attachment-large size-large wp-image-307\" alt=\"\" srcset=\"https:\/\/vertaler.nu\/wp-content\/uploads\/2026\/04\/diggity-marketing-s8HyIEe7lF0-unsplash-1024x682.jpg 1024w, https:\/\/vertaler.nu\/wp-content\/uploads\/2026\/04\/diggity-marketing-s8HyIEe7lF0-unsplash-300x200.jpg 300w, https:\/\/vertaler.nu\/wp-content\/uploads\/2026\/04\/diggity-marketing-s8HyIEe7lF0-unsplash-768x512.jpg 768w, https:\/\/vertaler.nu\/wp-content\/uploads\/2026\/04\/diggity-marketing-s8HyIEe7lF0-unsplash-1536x1023.jpg 1536w, https:\/\/vertaler.nu\/wp-content\/uploads\/2026\/04\/diggity-marketing-s8HyIEe7lF0-unsplash-2048x1365.jpg 2048w\" sizes=\"(max-width: 1024px) 100vw, 1024px\" \/>\t\t\t\t\t\t\t\t\t\t\t\t\t\t\t<\/div>\n\t\t\t\t<\/div>\n\t\t<div class=\"elementor-element elementor-element-554a5a1 e-con-full e-flex e-con e-child\" data-id=\"554a5a1\" data-element_type=\"container\" data-settings=\"{&quot;background_background&quot;:&quot;classic&quot;}\">\n\t\t\t\t<div class=\"elementor-element elementor-element-164ea55 elementor-widget elementor-widget-heading\" data-id=\"164ea55\" data-element_type=\"widget\" data-widget_type=\"heading.default\">\n\t\t\t\t\t<h2 class=\"elementor-heading-title elementor-size-default\">Har du fr\u00e5gor? Vi hj\u00e4lper dig g\u00e4rna.<\/h2>\t\t\t\t<\/div>\n\t\t\t\t<div class=\"elementor-element elementor-element-ca4148c elementor-widget elementor-widget-text-editor\" data-id=\"ca4148c\" data-element_type=\"widget\" data-widget_type=\"text-editor.default\">\n\t\t\t\t\t\t\t\t\t<p data-start=\"761\" data-end=\"1033\">Oavsett om du vill veta mer om digital marknadsf\u00f6ring, bygga din f\u00f6rsta webbplats eller bara bolla en id\u00e9 \u2013 h\u00f6r av dig s\u00e5 svarar vi s\u00e5 snart vi kan.<\/p>\t\t\t\t\t\t\t\t<\/div>\n\t\t\t\t<div class=\"elementor-element elementor-element-e1f7ce1 elementor-widget elementor-widget-button\" data-id=\"e1f7ce1\" data-element_type=\"widget\" data-widget_type=\"button.default\">\n\t\t\t\t\t\t\t\t\t\t<a class=\"elementor-button elementor-button-link elementor-size-sm\" href=\"https:\/\/vertaler.nu\/?page_id=103\">\n\t\t\t\t\t\t<span class=\"elementor-button-content-wrapper\">\n\t\t\t\t\t\t\t\t\t<span class=\"elementor-button-text\">Kontakta oss<\/span>\n\t\t\t\t\t<\/span>\n\t\t\t\t\t<\/a>\n\t\t\t\t\t\t\t\t<\/div>\n\t\t\t\t<\/div>\n\t\t\t\t\t<\/div>\n\t\t\t\t<\/div>\n\t\t\t\t<\/div>\n\t\t","protected":false},"excerpt":{"rendered":"<p>F\u00f6retagande &amp; digital n\u00e4rvaro Allt du beh\u00f6ver f\u00f6r att lyckas med ditt f\u00f6retag online Varf\u00f6r internet avg\u00f6r ditt f\u00f6retags framg\u00e5ng [&hellip;]<\/p>\n","protected":false},"author":1,"featured_media":0,"parent":0,"menu_order":0,"comment_status":"closed","ping_status":"closed","template":"elementor_header_footer","meta":{"site-sidebar-layout":"no-sidebar","site-content-layout":"","ast-site-content-layout":"full-width-container","site-content-style":"unboxed","site-sidebar-style":"unboxed","ast-global-header-display":"","ast-banner-title-visibility":"","ast-main-header-display":"","ast-hfb-above-header-display":"","ast-hfb-below-header-display":"","ast-hfb-mobile-header-display":"","site-post-title":"disabled","ast-breadcrumbs-content":"","ast-featured-img":"disabled","footer-sml-layout":"","theme-transparent-header-meta":"default","adv-header-id-meta":"","stick-header-meta":"","header-above-stick-meta":"","header-main-stick-meta":"","header-below-stick-meta":"","astra-migrate-meta-layouts":"default","ast-page-background-enabled":"default","ast-page-background-meta":{"desktop":{"background-color":"var(--ast-global-color-5)","background-image":"","background-repeat":"repeat","background-position":"center center","background-size":"auto","background-attachment":"scroll","background-type":"","background-media":"","overlay-type":"","overlay-color":"","overlay-opacity":"","overlay-gradient":""},"tablet":{"background-color":"","background-image":"","background-repeat":"repeat","background-position":"center center","background-size":"auto","background-attachment":"scroll","background-type":"","background-media":"","overlay-type":"","overlay-color":"","overlay-opacity":"","overlay-gradient":""},"mobile":{"background-color":"","background-image":"","background-repeat":"repeat","background-position":"center center","background-size":"auto","background-attachment":"scroll","background-type":"","background-media":"","overlay-type":"","overlay-color":"","overlay-opacity":"","overlay-gradient":""}},"ast-content-background-meta":{"desktop":{"background-color":"var(--ast-global-color-4)","background-image":"","background-repeat":"repeat","background-position":"center center","background-size":"auto","background-attachment":"scroll","background-type":"","background-media":"","overlay-type":"","overlay-color":"","overlay-opacity":"","overlay-gradient":""},"tablet":{"background-color":"var(--ast-global-color-4)","background-image":"","background-repeat":"repeat","background-position":"center center","background-size":"auto","background-attachment":"scroll","background-type":"","background-media":"","overlay-type":"","overlay-color":"","overlay-opacity":"","overlay-gradient":""},"mobile":{"background-color":"var(--ast-global-color-4)","background-image":"","background-repeat":"repeat","background-position":"center center","background-size":"auto","background-attachment":"scroll","background-type":"","background-media":"","overlay-type":"","overlay-color":"","overlay-opacity":"","overlay-gradient":""}},"footnotes":""},"class_list":["post-20","page","type-page","status-publish","hentry"],"_links":{"self":[{"href":"https:\/\/vertaler.nu\/index.php?rest_route=\/wp\/v2\/pages\/20","targetHints":{"allow":["GET"]}}],"collection":[{"href":"https:\/\/vertaler.nu\/index.php?rest_route=\/wp\/v2\/pages"}],"about":[{"href":"https:\/\/vertaler.nu\/index.php?rest_route=\/wp\/v2\/types\/page"}],"author":[{"embeddable":true,"href":"https:\/\/vertaler.nu\/index.php?rest_route=\/wp\/v2\/users\/1"}],"replies":[{"embeddable":true,"href":"https:\/\/vertaler.nu\/index.php?rest_route=%2Fwp%2Fv2%2Fcomments&post=20"}],"version-history":[{"count":82,"href":"https:\/\/vertaler.nu\/index.php?rest_route=\/wp\/v2\/pages\/20\/revisions"}],"predecessor-version":[{"id":346,"href":"https:\/\/vertaler.nu\/index.php?rest_route=\/wp\/v2\/pages\/20\/revisions\/346"}],"wp:attachment":[{"href":"https:\/\/vertaler.nu\/index.php?rest_route=%2Fwp%2Fv2%2Fmedia&parent=20"}],"curies":[{"name":"wp","href":"https:\/\/api.w.org\/{rel}","templated":true}]}}